 what is 1261 + -2?
1256
In base 5, what is -300 + -403?
-1203
In base 12, what is -27 - -3?
-24
In base 16, what is -50c + -9?
-515
In base 12, what is 1 + -39?
-38
In base 11, what is 1 - -a?
10
In base 14, what is -d + -125?
-134
In base 15, what is -63a + -3?
-63d
In base 5, what is -112 + 214?
102
In base 7, what is 5 - -20152?
20160
In base 3, what is 2211 + 10201?
20112
In base 13, what is -11 + 36?
25
In base 11, what is 279 - 1?
278
In base 11, what is -3 - 251a?
-2522
In base 2, what is -101010 + -110?
-110000
In base 9, what is -1 - 57?
-58
In base 8, what is -17714 + 4?
-17710
In base 2, what is -111100111 - -101?
-111100010
In base 11, what is 78 + -4?
74
In base 13, what is -224 - -3?
-221
In base 5, what is 21 - 140?
-114
In base 2, what is -11 - 10100101?
-10101000
In base 5, what is 2 - -144?
201
In base 16, what is 2 + -bb?
-b9
In base 13, what is 1312 - 8?
1307
In base 16, what is 6f6c + -2?
6f6a
In base 13, what is -7 - c?
-16
In base 4, what is 212302 - 10?
212232
In base 6, what is 30 + 0?
30
In base 9, what is 1 - 12?
-11
In base 4, what is -10000 - -1?
-3333
In base 9, what is -10 - 3?
-13
In base 5, what is 10 + 2034?
2044
In base 2, what is -11010011 + 11?
-11010000
In base 9, what is 4 - 110?
-105
In base 3, what is 2 + 1002002?
1002011
In base 3, what is 10102012 - 0?
10102012
In base 13, what is 4 - 48?
-44
In base 11, what is 38 + -7?
31
In base 3, what is -11 + -22200012?
-22200100
In base 8, what is 274 + -1?
273
In base 8, what is -23764 + 5?
-23757
In base 15, what is 1a5 - -3?
1a8
In base 10, what is -3 - -265?
262
In base 5, what is -403 - -10?
-343
In base 2, what is 11010011001 + -110?
11010010011
In base 7, what is 14 + -42?
-25
In base 14, what is 1 - -30?
31
In base 12, what is 1 + -23?
-22
In base 3, what is 2 + -10221000?
-10220221
In base 4, what is 2 + 11323?
11331
In base 6, what is -202 + 2?
-200
In base 9, what is -67 + -23?
-101
In base 12, what is -7 + -2?
-9
In base 4, what is 2 - 20102?
-20100
In base 14, what is 6d + -111?
-82
In base 11, what is -140 + 56?
-95
In base 10, what is -21 + -7?
-28
In base 5, what is 100341 - -10?
100401
In base 6, what is -144 - -5?
-135
In base 14, what is 1a85 - -4?
1a89
In base 9, what is 636 - 5?
631
In base 9, what is 23 + -4?
18
In base 15, what is 12bc + -3?
12b9
In base 13, what is 7 + -a?
-3
In base 13, what is -25 + -69?
-91
In base 4, what is 11022 + 1?
11023
In base 5, what is 10040 - -2?
10042
In base 13, what is -381 + 5?
-379
In base 3, what is -12 + -210020?
-210102
In base 9, what is 2 - -2?
4
In base 9, what is -31 - -34?
3
In base 3, what is 1 + 100001?
100002
In base 10, what is -141 - -5?
-136
In base 14, what is 2561 + -1?
2560
In base 3, what is 21 + -2220?
-2122
In base 9, what is -10 + -2134?
-2144
In base 12, what is 1 + 255?
256
In base 3, what is -10 - -10001?
2221
In base 7, what is 141 + 66?
240
In base 7, what is -16 - -33?
14
In base 8, what is -11 - 4067?
-4100
In base 13, what is 4 - -1c1?
1c5
In base 10, what is -29 + 12?
-17
In base 2, what is 11110 + -1001?
10101
In base 10, what is 27 - -8?
35
In base 3, what is -1 + 2122120?
2122112
In base 6, what is 2 - -1543?
1545
In base 15, what is a + -86?
-7b
In base 13, what is 78 - -1b?
96
In base 11, what is 2 + aa?
101
In base 14, what is 876 - 1?
875
In base 14, what is 20 - -5?
25
In base 13, what is 1488 + 1?
1489
In base 16, what is -cf - 1?
-d0
In base 2, what is 0 - 100110?
-100110
In base 6, what is 213 + -12?
201
In base 7, what is 5 + 23?
31
In base 4, what is -11 - -1021?
1010
In base 2, what is -1001100 - 10?
-1001110
In base 5, what is -130 - -1?
-124
In base 3, what is 1001 + -21122?
-20121
In base 3, what is 21001110 - -12?
21001122
In base 2, what is 1 - -1000111?
1001000
In base 3, what is -201 - -10?
-121
In base 16, what is -1 + -1d?
-1e
In base 7, what is -4 - 11?
-15
In base 6, what is 5 - 11152?
-11143
In base 4, what is -11 - 1322?
-1333
In base 4, what is 233 - 22311?
-22012
In base 5, what is 123 + 4?
132
In base 13, what is 303 + 0?
303
In base 14, what is -54 + 2d?
-25
In base 16, what is 79 - -6?
7f
In base 4, what is -12132 - 11?
-12203
In base 3, what is 20 - -1211?
2001
In base 8, what is 1503 - -5?
1510
In base 15, what is -2e1 + -2?
-2e3
In base 3, what is -200 - 20122?
-21022
In base 16, what is 17 + 2?
19
In base 4, what is -11 + 231?
220
In base 11, what is -1 - -43?
42
In base 16, what is 19 + -3?
16
In base 16, what is -f - 1a?
-29
In base 3, what is 2 - -1121?
1200
In base 6, what is -13 + -3223?
-3240
In base 2, what is 11001 - 0?
11001
In base 4, what is 1 + -20121?
-20120
In base 13, what is -32 - -312?
2b0
In base 8, what is -215 - 1?
-216
In base 12, what is -33 + -45?
-78
In base 9, what is -5 + 62?
56
In base 2, what is -100001 - 111001000?
-111101001
In base 14, what is -5 + 2?
-3
In base 5, what is -31424 + 10?
-31414
In base 8, what is 1406 + 0?
1406
In base 3, what is 10022 + -10?
10012
In base 10, what is -4 + 203?
199
In base 9, what is -1014 - -4?
-1010
In base 15, what is 5 + -23?
-1d
In base 2, what is -100110 - -11110101?
11001111
In base 14, what is 228 - 2?
226
In base 12, what is -9 - -217?
20a
In base 2, what is -1011011 + 10?
-1011001
In base 11, what is 2 + -1446?
-1444
In base 5, what is 100 - 33?
12
In base 8, what is 20 - 5?
13
In base 3, what is 11102 + -10102?
1000
In base 9, what is 4 - 37?
-33
In base 7, what is 5450 - -1?
5451
In base 13, what is 1655 - 0?
1655
In base 6, what is -143 - -2?
-141
In base 13, what is -136 - 12?
-148
In base 12, what is 4 - -569?
571
In base 4, what is -310 - -1121?
211
In base 4, what is -11 - 222?
-233
In base 15, what is -4 - -44c?
448
In base 16, what is -4e - 4?
-52
In base 12, what is -191 + 4?
-189
In base 13, what is 1c + -22?
-3
In base 6, what is 14 - -1233?
1251
In base 16, what is -4 - 7?
-b
In base 3, what is -112112 + 20?
-112022
In base 4, what is -32 + -1113?
-1211
In base 16, what is -3369 + -4?
-336d
In base 16, what is 4 + 60?
64
In base 16, what is -8 - -7bf?
7b7
In base 11, what is 1 - -340?
341
In base 15, what is 27a + -5?
275
In base 4, what is -10 - -200?
130
In base 4, what is 31 - -221?
312
In base 13, what is 3 - 281?
-27b
In base 11, what is 29 - 4?
25
In base 3, what is -10210 - 0?
-10210
In base 2, what is -1010000101000 - -1?
-1010000100111
In base 7, what is -3432 + 2?
-3430
In base 5, what is 1 - -2034?
2040
In base 7, what is 0 - 16?
-16
In base 3, what is 2000 + 20?
2020
In base 14, what is -1529 - 0?
-1529
In base 7, what is -2445 - 5?
-2453
In base 9, what is -238 - 3?
-242
In base 12, what is a7 + 11?
b8
In base 12, what is -5 + -1294?
-1299
In base 8, what is 165 + 27?
214
In base 13, what is -81 + 5?
-79
In base 16, what is -2b - -21?
-a
In base 14, what is 0 + -aa7?
-aa7
In base 9, what is 175 - -5?
181
In base 8, what is -50 - 113?
-163
In base 6, what is 51 - -4?
55
In base 5, what is 1 - -423?
424
In base 8, what is -2272 - -5?
-2265
In base 3, what is -1 + 101?
100
In base 16, what is 1132 - 2?
1130
In base 13, what is -5 - 539?
-541
In base 13, what is 185 + -1?
184
In base 4, what is -101322 + 0?
-101322
In base 15, what is -3348 - 3?
-334b
In base 8, what is -5 + -1605?
-1612
In base 16, what is 6 - 3a?
-34
In base 6, what is 0 - 3143?
-3143
In base 3, what is 22 + -110011?
-102212
In base 13, what is 18 - -4?
1c
In base 3, what is 12120 + 10?
12200
In base 12, what is 2b4 - 3?
2b1
In base 16, what is -24 + 64?
40
In base 5, what is -14 + -3122?
-3141
In base 5, what is 43 - -4?
102
In base 3, what is -221 + 12?
-202
In base 9, what is 32 - -10?
42
In base 7, what is 11630 - 1?
11626
In base 12, what is 1 - 760?
-75b
In base 14, what is 4d + 110?
15d
In base 7, what is 2 + -62?
-60
In base 13, what is -3 - -b0?
aa
In base 16, what is 3 - 3df?
-3dc
In base 7, what is 20 - -151?
201
In base 9, what is -35 - -100?
54
In base 10, what is -12686 - -5?
-12681
In base 10, what is -15854 + 2?
-15852
In base 14, what is 158 + 2?
15a
In base 13, what is 2 - -8a?
8c
In base 13, what is -5 + 4bc?
4b7
In base 6, what is 521 + -3?
514
In base 14, what is 17 + 1c4?
1db
In base 13, what is -c50 + 5?
-c48
In base 13, what is -19 - -67?
4b
In base 12, what is -4 + bb?
b7
In base 10, what is 3 - -46?
49
In base 14, what is -1717 + -4?
-171b
In ba